2, what is -11100111011101000000011 + 0?
-11100111011101000000011
In base 14, what is -c69 - 63b?
-14a6
In base 10, what is -5 + 1377820?
1377815
In base 10, what is -613087 - 27?
-613114
In base 15, what is -228b4e + 6?
-228b48
In base 2, what is -10010110 - -101101000101100?
101100110010110
In base 4, what is 11032 - 10331?
101
In base 13, what is c0823a - -3?
c08240
In base 5, what is 10000022 - -24?
10000101
In base 8, what is 702 + 32454?
33356
In base 3, what is 110221111020 - -11020?
110221122110
In base 4, what is 32210033022 + -12?
32210033010
In base 16, what is -e1a3 + 76a?
-da39
In base 15, what is c - -d7246?
d7253
In base 5, what is -2330411 - 33122?
-2414033
In base 5, what is 100001 - -130203?
230204
In base 11, what is 122 + -a71a92?
-a71970
In base 14, what is 10 - -3b6b56c?
3b6b57c
In base 12, what is a638b + 572?
a6941
In base 8, what is 254 - -6372511?
6372765
In base 2, what is 11111011110010111001 - -100001?
11111011110011011010
In base 10, what is 2 + -43861853?
-43861851
In base 7, what is 11365 + 3661?
15356
In base 5, what is 1341443243420 - 1?
1341443243414
In base 12, what is 2b2 + 55677?
55969
In base 12, what is -1a2259a77 - -2?
-1a2259a75
In base 14, what is -4797 + 1cd5?
-28a2
In base 5, what is 1040442 + -121?
1040321
In base 11, what is 106686 - -2770?
109346
In base 16, what is d7d7 + -6d51?
6a86
In base 5, what is -11010411 + 1030?
-11004331
In base 2, what is 11101001011100 + 110101100101100?
1010010110001000
In base 16, what is -14f2ebce + 4?
-14f2ebca
In base 16, what is -192 + -1116?
-12a8
In base 13, what is 0 + -39c44352?
-39c44352
In base 14, what is 317385 - 160?
317225
In base 15, what is 1a49549 + -2?
1a49547
In base 8, what is -1002444275 - -5?
-1002444270
In base 9, what is 863 - -64618?
65582
In base 6, what is 1140 - -30501035?
30502215
In base 6, what is 0 - -10522123301?
10522123301
In base 14, what is -a - -ab25?
ab19
In base 7, what is 1160102 + -11?
1160061
In base 8, what is 1620011 + 147?
1620160
In base 13, what is -362 - 38c09?
-3926b
In base 3, what is -10000101 - -2101221?
-121110
In base 14, what is -77923 + b?
-77916
In base 4, what is -32310 + -2222221?
-2321131
In base 6, what is -100213 - -23503?
-32310
In base 3, what is 2020101 + 101022120?
110112221
In base 2, what is 110010 - -1101011011010000111?
1101011011010111001
In base 6, what is 13 - -1015125322?
1015125335
In base 11, what is -21737 - -1603?
-20134
In base 4, what is -12102202112321 - 11?
-12102202112332
In base 11, what is -5 - -44a03375?
44a03370
In base 7, what is -1006 + -110006?
-111015
In base 16, what is 11e36 + 10?
11e46
In base 13, what is 1588 + -4194?
-2909
In base 14, what is 13 - -27ca47?
27ca5a
In base 3, what is 1202020 + 11121212220?
11200122010
In base 14, what is 7c518cd + -2?
7c518cb
In base 5, what is 2423044 - -102004?
3030103
In base 14, what is 18808b7 - 0?
18808b7
In base 5, what is 44013 + 1133313?
1232331
In base 5, what is -10 + 1412404300?
1412404240
In base 5, what is 2 + 10331224021?
10331224023
In base 14, what is 6a9736b - -3?
6a97370
In base 14, what is 4b85c2 - b2?
4b8510
In base 6, what is 112 - 1043310251?
-1043310135
In base 12, what is -5 + -1a96675?
-1a9667a
In base 13, what is -11b - 150ba?
-15208
In base 7, what is 3 + -35430646?
-35430643
In base 2, what is 100010 + -11100100111?
-11100000101
In base 11, what is 177aa - -4980?
2167a
In base 3, what is -201 + -101121111102111?
-101121111110012
In base 15, what is -454680 - 17?
-454697
In base 5, what is -144343 + 1241?
-143102
In base 14, what is 6 + 70445a2?
70445a8
In base 14, what is -7 - 160c203?
-160c20a
In base 6, what is 31454144 + -11?
31454133
In base 7, what is 5054 + 441026?
446113
In base 14, what is 3 + 2bd1c1d?
2bd1c22
In base 7, what is 3016331 - 306?
3016022
In base 8, what is 117 + -3445176?
-3445057
In base 5, what is -102123303 + 3220?
-102120033
In base 6, what is 535352 - -50511?
1030303
In base 16, what is 2166109 + -3?
2166106
In base 3, what is 11200 + -211001102011?
-211001020111
In base 3, what is 1021201111221 + 1?
1021201111222
In base 5, what is 22131124240 + -14?
22131124221
In base 12, what is aab249 - -15?
aab262
In base 13, what is 491b - a421?
-5803
In base 15, what is -5ca11 + 1120?
-5b8e1
In base 9, what is -211828873 - -4?
-211828868
In base 10, what is -75 - 6392744?
-6392819
In base 7, what is 2453 + -204646?
-202163
In base 15, what is -3d727 - 31e?
-3da46
In base 13, what is -28 + 171290?
171265
In base 16, what is 31ec - 74b?
2aa1
In base 12, what is -52816 - -110?
-52706
In base 16, what is 4abdf + -1f?
4abc0
In base 15, what is -accd + 31c?
-a9b1
In base 9, what is -862077 + 2?
-862075
In base 5, what is 3 - -10231020341?
10231020344
In base 3, what is -22220220 + -11122202011?
-11222200001
In base 13, what is 1b5 + -22cc48?
-22ca63
In base 10, what is -519703 - -1250?
-518453
In base 2, what is 1110101000110011 - -11111111?
1110101100110010
In base 10, what is -35 - 31637?
-31672
In base 15, what is 1b2a8 + -c86?
1a522
In base 3, what is -112 + 22112020101220?
22112020101101
In base 13, what is -3 + -2101113c?
-21011142
In base 4, what is 131 - 1011113000?
-1011112203
In base 3, what is -21222111220 - 2000122?
-22001112112
In base 3, what is -10201000120212100 + -111?
-10201000120212211
In base 7, what is 52 + -106333054?
-106333002
In base 4, what is -2 - 1022202300?
-1022202302
In base 9, what is 3660 - 72?
3577
In base 13, what is -a7b6 + 13a45?
625c
In base 11, what is 1069086 + 7?
1069092
In base 12, what is -1 + 1787a715?
1787a714
In base 13, what is -140 - 11354b?
-11368b
In base 3, what is 0 - 22111220211?
-22111220211
In base 15, what is -aaba + -d3e?
-b909
In base 10, what is -64399 - 63?
-64462
In base 6, what is 11304 + -50410?
-35102
In base 3, what is 110002011122 - -220?
110002012112
In base 12, what is -26 + 1b5845?
1b581b
In base 13, what is 6 - -276895?
27689b
In base 6, what is 110303051 - -15?
110303110
In base 4, what is 12003221333 + -321?
12003221012
In base 3, what is 1111112102000 - -111102?
1111112220102
In base 13, what is -40b5093 - 0?
-40b5093
In base 15, what is -117 - -2c69a?
2c583
In base 6, what is -15 - 1202502200?
-1202502215
In base 10, what is -51619164 + 11?
-51619153
In base 13, what is 17 + a58b4?
a58cb
In base 11, what is -307 + -23817?
-24023
In base 9, what is -46534 - -35?
-46488
In base 5, what is -10 + -1032323314?
-1032323324
In base 14, what is 0 + 20c38ca?
20c38ca
In base 15, what is 11a87 - 4?
11a83
In base 5, what is -110341 - -20010?
-40331
In base 7, what is 342553 - 235?
342315
In base 16, what is -166 - -25293?
2512d
In base 13, what is -41a - c1409?
-c1826
In base 5, what is 102 + 201311214?
201311321
In base 8, what is -2 + 151665463?
151665461
In base 16, what is 1ba8e2a - -5?
1ba8e2f
In base 12, what is -6 + 6b4b26?
6b4b20
In base 5, what is 333041 + 12111?
400202
In base 7, what is -10060326 - 4?
-10060333
In base 13, what is 28b - 90b9?
-8b2b
In base 14, what is -971c5 - -192?
-97033
In base 15, what is 5 - -1cc7427e?
1cc74284
In base 9, what is -51 + -883625?
-883676
In base 11, what is 106 - -6447?
6552
In base 6, what is 4 + 4023053111?
4023053115
In base 8, what is 7365036 - 1?
7365035
In base 16, what is 2f135e0 - 3?
2f135dd
In base 11, what is 33a085 - -291?
33a366
In base 6, what is 2 - 15522140445?
-15522140443
In base 6, what is -2 - 124234?
-124240
In base 3, what is -2000000012 + -1000212000?
-10000212012
In base 5, what is -10000020 + -1431?
-10002001
In base 13, what is -3351b + -565?
-33a83
In base 4, what is -31000233 - -31000?
-30303233
In base 15, what is 3 + -1ed394?
-1ed391
In base 12, what is -1b737a0 + -5?
-1b737a5
In base 7, what is -5 - -120502405?
120502400
In base 4, what is 303200 + 10222020?
11131220
In base 15, what is b561 + -9?
b557
In base 15, what is -19e02d - -4ce?
-19da4e
In base 13, what is 14 - -a9a18?
a9a2c
In base 11, what is 16a3610a - 5?
16a36105
In base 2, what is -10000101010100111011 - -10010?
-10000101010100101001
In base 8, what is -116474 + -11667?
-130363
In base 10, what is 1454 + 2758?
4212
In base 5, what is 113 - 21002003?
-21001340
In base 14, what is 11 + 71bc31?
71bc42
In base 16, what is -a46 + -15d1?
-2017
In base 15, what is 1658c0 - 4?
1658bb
In base 13, what 